 to base 4
2110
Convert -1101 (base 2) to base 6.
-21
What is -5 (base 9) in base 16?
-5
Convert 4 (base 6) to base 16.
4
Convert 383 (base 10) to base 12.
27b
What is 3 (base 14) in base 3?
10
What is -25 (base 13) in base 3?
-1011
What is -125 (base 7) in base 4?
-1010
310 (base 5) to base 9
88
-12 (base 3) to base 2
-101
Convert -63 (base 11) to base 16.
-45
-122 (base 5) to base 7
-52
8 (base 11) to base 6
12
What is -82 (base 9) in base 4?
-1022
What is -2e (base 15) in base 6?
-112
-77 (base 9) to base 13
-55
What is -10 (base 4) in base 14?
-4
Convert 3 (base 6) to base 16.
3
-69 (base 11) to base 12
-63
Convert -11101 (base 2) to base 13.
-23
Convert 6 (base 15) to base 3.
20
-21 (base 10) to base 11
-1a
Convert 30 (base 5) to base 9.
16
411 (base 7) to base 9
246
What is -1 (base 16) in base 10?
-1
What is -12 (base 11) in base 7?
-16
11 (base 4) to base 14
5
0 (base 11) to base 13
0
What is -300 (base 9) in base 6?
-1043
What is -52 (base 8) in base 6?
-110
What is 3 (base 8) in base 7?
3
What is -1 (base 11) in base 13?
-1
Convert 101111 (base 2) to base 16.
2f
What is 3 (base 9) in base 7?
3
What is 103 (base 10) in base 6?
251
What is -7b (base 16) in base 6?
-323
What is 23 (base 10) in base 16?
17
What is 2 (base 14) in base 5?
2
What is -4 (base 15) in base 6?
-4
Convert 134 (base 8) to base 6.
232
Convert -7 (base 9) to base 8.
-7
What is -4 (base 9) in base 4?
-10
3 (base 13) to base 16
3
Convert 4 (base 14) to base 7.
4
What is -6 (base 7) in base 15?
-6
2 (base 13) to base 16
2
-10001 (base 2) to base 4
-101
Convert 79 (base 14) to base 16.
6b
What is 111 (base 12) in base 16?
9d
104 (base 7) to base 14
3b
Convert 520 (base 6) to base 5.
1232
What is 13 (base 8) in base 6?
15
What is -7 (base 12) in base 16?
-7
What is 1001 (base 2) in base 16?
9
What is 230 (base 5) in base 11?
5a
Convert -10 (base 10) to base 13.
-a
What is 10 (base 2) in base 9?
2
-1021 (base 3) to base 2
-100010
21 (base 3) to base 16
7
What is -10 (base 3) in base 9?
-3
What is 1 (base 16) in base 7?
1
What is -1a (base 11) in base 7?
-30
-2 (base 15) to base 7
-2
What is 11010 (base 2) in base 8?
32
Convert 14 (base 8) to base 10.
12
Convert ec (base 15) to base 8.
336
What is -3a (base 11) in base 14?
-31
-15 (base 16) to base 15
-16
Convert 323 (base 8) to base 4.
3103
What is 9 (base 14) in base 16?
9
What is 2212 (base 4) in base 9?
204
-34 (base 9) to base 14
-23
-46 (base 16) to base 4
-1012
Convert -4 (base 12) to base 2.
-100
-1011100 (base 2) to base 15
-62
-2 (base 5) to base 8
-2
Convert -3 (base 12) to base 2.
-11
-45 (base 11) to base 14
-37
20 (base 7) to base 5
24
-4 (base 7) to base 13
-4
Convert 100 (base 4) to base 10.
16
Convert 142 (base 8) to base 13.
77
What is -4 (base 7) in base 6?
-4
Convert -232 (base 11) to base 5.
-2102
Convert -21 (base 4) to base 5.
-14
What is 73 (base 10) in base 5?
243
What is 8 (base 12) in base 3?
22
What is -2 (base 16) in base 2?
-10
What is -a5 (base 14) in base 15?
-9a
2 (base 5) to base 7
2
What is -4 (base 15) in base 4?
-10
-17 (base 13) to base 4
-110
What is 7 (base 11) in base 10?
7
What is -34 (base 14) in base 15?
-31
What is 10010 (base 2) in base 11?
17
Convert 12 (base 13) to base 14.
11
Convert 101 (base 8) to base 6.
145
What is 123 (base 6) in base 3?
1220
-22 (base 3) to base 4
-20
Convert -11 (base 11) to base 4.
-30
Convert -6 (base 15) to base 9.
-6
What is -48 (base 9) in base 3?
-1122
What is -101 (base 5) in base 14?
-1c
What is 30 (base 14) in base 3?
1120
-20 (base 6) to base 4
-30
What is -1 (base 15) in base 7?
-1
-12 (base 4) to base 13
-6
-1 (base 6) to base 12
-1
What is -31 (base 5) in base 12?
-14
-66 (base 7) to base 4
-300
What is -22 (base 8) in base 16?
-12
Convert 51 (base 7) to base 4.
210
What is -13 (base 13) in base 10?
-16
4 (base 15) to base 5
4
Convert 4 (base 6) to base 9.
4
Convert 6 (base 15) to base 8.
6
What is -10 (base 3) in base 6?
-3
Convert 16a (base 14) to base 6.
1202
-100 (base 4) to base 13
-13
4 (base 9) to base 6
4
-16 (base 7) to base 10
-13
Convert -34 (base 14) to base 7.
-64
111 (base 3) to base 8
15
Convert -5 (base 10) to base 5.
-10
Convert -97 (base 16) to base 13.
-b8
-46 (base 7) to base 6
-54
What is 1120 (base 3) in base 4?
222
21 (base 5) to base 2
1011
What is -4 (base 15) in base 8?
-4
3 (base 15) to base 2
11
What is 30 (base 10) in base 5?
110
Convert -8 (base 11) to base 14.
-8
Convert 45 (base 10) to base 16.
2d
-8 (base 11) to base 13
-8
What is 1 (base 6) in base 5?
1
Convert 4 (base 16) to base 14.
4
What is 11 (base 4) in base 3?
12
154 (base 7) to base 15
5d
Convert -118 (base 13) to base 8.
-276
Convert 7 (base 10) to base 5.
12
Convert 100 (base 2) to base 8.
4
Convert -64 (base 7) to base 11.
-42
25 (base 13) to base 8
37
Convert 4 (base 15) to base 14.
4
45 (base 8) to base 14
29
What is 2 (base 16) in base 4?
2
What is 20 (base 5) in base 13?
a
42 (base 12) to base 15
35
Convert 110 (base 2) to base 9.
6
What is -104 (base 6) in base 2?
-101000
Convert -10 (base 3) to base 7.
-3
Convert 8 (base 10) to base 2.
1000
Convert 3c (base 13) to base 5.
201
Convert 1 (base 7) to base 11.
1
What is 21 (base 16) in base 13?
27
Convert 24 (base 8) to base 10.
20
Convert a7 (base 12) to base 11.
106
What is -52 (base 15) in base 11?
-70
Convert -1000100 (base 2) to base 5.
-233
What is -2 (base 16) in base 2?
-10
69 (base 13) to base 5
322
What is -3 (base 10) in base 4?
-3
Convert -12 (base 3) to base 4.
-11
What is -4 (base 15) in base 7?
-4
-4 (base 15) to base 10
-4
Convert -47 (base 15) to base 5.
-232
Convert 35 (base 16) to base 7.
104
10 (base 7) to base 3
21
3 (base 12) to base 2
11
What is -1 (base 2) in base 3?
-1
Convert -15 (base 8) to base 6.
-21
What is -4 (base 9) in base 11?
-4
Convert -5 (base 6) to base 14.
-5
What is -5 (base 8) in base 9?
-5
What is 10 (base 4) in base 16?
4
What is -8 (base 9) in base 12?
-8
-315 (base 9) to base 12
-195
-1001 (base 3) to base 14
-20
-4 (base 8) to base 14
-4
-1110 (base 3) to base 9
-43
Convert -3 (base 15) to base 7.
-3
What is 14 (base 5) in base 12?
9
Convert 1 (base 13) to base 4.
1
122 (base 5) to base 3
1101
30 (base 6) to base 9
20
Convert 0 (base 7) to base 6.
0
2 (base 8) to base 9
2
Convert 1100 (base 2) to base 6.
20
-a (base 15) to base 2
-1010
What is 1032 (base 4) in base 13?
60
What is -1011100 (base 2) in base 14?
-68
What is 0 (base 4) in base 7?
0
Convert 7 (base 15) to base 8.
7
Convert 23 (base 8) to base 3.
201
Convert -2 (base 5) to base 8.
-2
Convert 10310 (base 4) to base 8.
464
Convert 1 (base 15) to base 13.
1
What is 10 (base 2) in base 7?
2
Convert -34 (base 10) to base 5.
-114
153 (base 8) to base 5
412
What is -4 (base 14) in base 5?
-4
-90 (base 11) to base 16
-63
-67 (base 8) to base 9
-61
Convert -1 (base 6) to base 12.
-1
Convert -1 (base 12) to base 16.
-1
-db (base 16) to base 4
-3123
What is -1c (base 14) in base 5?
-101
What is 5 (base 14) in base 13?
5
201 (base 6) to base 5
243
Convert 31 (base 9) to base 4.
130
What is 123 (base 5) in base 6?
102
What is -2 (base 15) in base 5?
-2
What is -34 (base 15) in base 9?
-54
Convert 4 (base 7) to base 5.
4
Convert 0 (base 12) to base 6.
0
0 (base 15) to base 12
0
What is 1 (base 3) in base 13?
1
-3 (base 11) to base 3
-10
Convert -1 (base 15) to base 5.
-1
What is 15 (base 7) in base 8?
14
301 (base 10) to base 4
10231
What is 21100 (base 3) in base 15?
d3
-a6 (base 13) to base 10
-136
-4 (base 5) to base 6
-4
What is 20 (base 5) in base 6?
14
-12 (base 3) to base 16
-5
-30 (base 5) to base 8
-17
What is -19 (base 11) in base 7?
-26
What is 125 (base 10) in base 2?
1111101
What is -13 (base 13) in base 15?
-11
Convert 3 (base 8) to base 15.
3
36 (base 8) to base 13
24
What is 100 (base 2) in base 11?
4
-10 (base 2) to base 4
-2
What is -10 (base 3) in base 8?
-3
Convert 123 (base 7) to base 5.
231
Convert 154 (base 14) to base 11.
226
Convert 0 (base 12) to base 7.
0
Convert 222 (base 3) to base 6.
42
What is -226 (base 9) in base 12?
-136
What is -11 (base 13) in base 6?
-22
Convert -101111 (base 2) to base 13.
-38
Convert -29 (base 15) to base 12.
-33
Convert 4 (base 13) to base 9.
4
What is -13 (base 8) in base 5?
-21
Convert -5 (base 11) to base 15.
-5
What is -37 (base 10) i